 4 (base 14) in base 11?
4
-320 (base 4) to base 16
-38
What is 3 (base 7) in base 12?
3
Convert 8 (base 12) to base 3.
22
What is 33 (base 7) in base 14?
1a
-5 (base 9) to base 7
-5
-9b (base 15) to base 4
-2102
Convert -12 (base 3) to base 13.
-5
What is -b0 (base 12) in base 9?
-156
Convert -13b (base 12) to base 13.
-119
What is a1 (base 14) in base 5?
1031
What is -4b (base 14) in base 13?
-52
What is 2 (base 10) in base 4?
2
10 (base 4) to base 9
4
-11 (base 8) to base 9
-10
What is -28 (base 11) in base 15?
-20
Convert 1 (base 11) to base 16.
1
What is -3 (base 8) in base 9?
-3
What is 1310 (base 4) in base 16?
74
What is 31 (base 5) in base 7?
22
What is 2 (base 4) in base 10?
2
13 (base 8) to base 6
15
Convert -6 (base 13) to base 4.
-12
3d (base 14) to base 11
50
What is -342 (base 8) in base 2?
-11100010
Convert 20 (base 7) to base 15.
e
Convert -1 (base 4) to base 11.
-1
Convert 334 (base 7) to base 5.
1142
What is 21 (base 9) in base 14?
15
What is -52 (base 6) in base 11?
-2a
Convert -3 (base 12) to base 10.
-3
Convert 0 (base 12) to base 13.
0
Convert 7 (base 9) to base 5.
12
Convert 331 (base 4) to base 6.
141
Convert -3 (base 9) to base 8.
-3
-10 (base 9) to base 13
-9
What is 1010 (base 3) in base 12?
26
What is -50 (base 6) in base 10?
-30
What is 11 (base 12) in base 9?
14
-111 (base 5) to base 10
-31
Convert -20 (base 3) to base 10.
-6
2 (base 7) to base 5
2
What is 112 (base 4) in base 7?
31
Convert 0 (base 10) to base 3.
0
What is 1 (base 10) in base 5?
1
Convert -1 (base 12) to base 13.
-1
22 (base 11) to base 3
220
Convert 24 (base 16) to base 2.
100100
What is 16 (base 13) in base 9?
21
Convert 13 (base 11) to base 4.
32
Convert -11 (base 8) to base 4.
-21
What is 13 (base 4) in base 13?
7
1 (base 15) to base 12
1
-111 (base 3) to base 2
-1101
33 (base 10) to base 12
29
1113 (base 5) to base 4
2132
-19 (base 15) to base 5
-44
What is 100 (base 2) in base 6?
4
Convert 2 (base 16) to base 3.
2
8e (base 16) to base 7
262
-c3 (base 16) to base 13
-120
4a (base 16) to base 12
62
What is -36 (base 12) in base 7?
-60
-4 (base 6) to base 4
-10
11 (base 3) to base 2
100
What is 0 (base 6) in base 12?
0
Convert 2 (base 13) to base 11.
2
Convert 101 (base 6) to base 14.
29
Convert 39 (base 12) to base 14.
33
What is -39 (base 13) in base 6?
-120
-1101 (base 2) to base 12
-11
Convert 2 (base 13) to base 16.
2
110 (base 2) to base 12
6
What is 1a (base 11) in base 15?
16
What is 1 (base 10) in base 9?
1
What is 3 (base 8) in base 3?
10
What is 2b (base 16) in base 5?
133
Convert -35 (base 9) to base 14.
-24
What is -33 (base 12) in base 13?
-30
What is -10111 (base 2) in base 10?
-23
-131 (base 5) to base 11
-38
Convert 212 (base 4) to base 9.
42
What is 34 (base 7) in base 6?
41
What is 106 (base 9) in base 16?
57
3 (base 5) to base 3
10
-10 (base 16) to base 2
-10000
Convert 0 (base 15) to base 8.
0
Convert 210 (base 3) to base 11.
1a
Convert 3 (base 15) to base 10.
3
6 (base 16) to base 6
10
14 (base 12) to base 16
10
Convert -110 (base 2) to base 12.
-6
What is -11 (base 2) in base 16?
-3
Convert e (base 16) to base 2.
1110
Convert 21 (base 3) to base 5.
12
Convert -4 (base 10) to base 9.
-4
-37 (base 12) to base 10
-43
Convert -2b (base 13) to base 16.
-25
What is -5 (base 9) in base 16?
-5
Convert -3 (base 6) to base 12.
-3
What is -50 (base 13) in base 15?
-45
Convert -113 (base 7) to base 13.
-47
What is -14 (base 5) in base 9?
-10
-1111 (base 2) to base 6
-23
111111 (base 2) to base 11
58
What is 1b (base 16) in base 6?
43
Convert -2 (base 13) to base 8.
-2
Convert 121 (base 3) to base 8.
20
25 (base 11) to base 5
102
What is 6 (base 12) in base 2?
110
What is 6 (base 15) in base 12?
6
Convert -11 (base 5) to base 6.
-10
What is -212 (base 4) in base 7?
-53
What is -44 (base 11) in base 16?
-30
What is -111 (base 3) in base 5?
-23
10 (base 13) to base 6
21
8 (base 10) to base 4
20
-3 (base 7) to base 10
-3
What is -450 (base 6) in base 15?
-b9
What is 12300 (base 4) in base 5?
3212
What is -10 (base 10) in base 9?
-11
38 (base 11) to base 13
32
What is 11 (base 3) in base 14?
4
What is -11 (base 13) in base 4?
-32
-34 (base 14) to base 5
-141
11 (base 16) to base 7
23
1 (base 10) to base 14
1
Convert -100 (base 3) to base 16.
-9
-51 (base 16) to base 3
-10000
What is 1101111 (base 2) in base 16?
6f
40 (base 16) to base 12
54
22 (base 13) to base 3
1001
Convert 403 (base 8) to base 5.
2014
Convert 112 (base 3) to base 7.
20
What is -c (base 15) in base 8?
-14
What is 1 (base 11) in base 9?
1
Convert -7 (base 16) to base 6.
-11
Convert -6 (base 15) to base 8.
-6
-3 (base 11) to base 4
-3
7 (base 14) to base 12
7
12 (base 5) to base 2
111
What is -44 (base 7) in base 14?
-24
Convert 76 (base 11) to base 13.
65
What is -32 (base 7) in base 11?
-21
Convert -7 (base 15) to base 3.
-21
What is 2 (base 4) in base 3?
2
4 (base 7) to base 4
10
Convert 3 (base 12) to base 8.
3
What is -5 (base 15) in base 2?
-101
Convert 21 (base 3) to base 15.
7
20 (base 9) to base 15
13
What is 2 (base 14) in base 9?
2
What is 8b (base 13) in base 14?
83
What is -2 (base 13) in base 3?
-2
What is -c5 (base 15) in base 16?
-b9
What is 248 (base 13) in base 12?
292
What is -1011 (base 2) in base 8?
-13
What is -2 (base 12) in base 15?
-2
Convert -6 (base 14) to base 9.
-6
Convert -2 (base 5) to base 4.
-2
76 (base 12) to base 9
110
What is 8 (base 14) in base 13?
8
Convert 7 (base 11) to base 8.
7
What is 2 (base 13) in base 8?
2
What is -20 (base 12) in base 11?
-22
-3 (base 5) to base 3
-10
160 (base 7) to base 9
111
What is 87 (base 9) in base 14?
59
Convert 1 (base 7) to base 16.
1
231 (base 10) to base 6
1023
Convert 4 (base 12) to base 8.
4
What is 1b (base 16) in base 14?
1d
Convert 6 (base 7) to base 5.
11
Convert 220 (base 4) to base 5.
130
What is -27 (base 9) in base 3?
-221
72 (base 13) to base 14
69
Convert -d (base 15) to base 16.
-d
What is 1 (base 6) in base 5?
1
Convert -25 (base 12) to base 3.
-1002
What is 110 (base 5) in base 2?
11110
Convert 1 (base 4) to base 11.
1
-283 (base 10) to base 5
-2113
Convert -21 (base 10) to base 4.
-111
-b8 (base 13) to base 14
-ab
What is ea (base 16) in base 9?
280
Convert 75 (base 10) to base 8.
113
91 (base 10) to base 9
111
15 (base 9) to base 6
22
What is -5 (base 9) in base 6?
-5
What is -21 (base 3) in base 8?
-7
What is -7 (base 12) in base 4?
-13
-34 (base 6) to base 8
-26
Convert 101 (base 3) to base 5.
20
What is -5 (base 6) in base 16?
-5
Convert -203 (base 4) to base 7.
-50
Convert 1 (base 2) to base 11.
1
b (base 16) to base 11
10
What is 110 (base 4) in base 10?
20
What is -3 (base 13) in base 16?
-3
Convert -200 (base 6) to base 2.
-1001000
What is -64 (base 8) in base 5?
-202
What is 0 (base 13) in base 15?
0
Convert 10011101 (base 2) to base 5.
1112
-59 (base 11) to base 10
-64
15 (base 6) to base 12
b
-13 (base 9) to base 14
-c
Convert 22 (base 12) to base 14.
1c
-c (base 13) to base 12
-10
-10 (base 3) to base 15
-3
What is -42 (base 5) in base 9?
-24
-425 (base 8) to base 4
-10111
What is 2 (base 6) in base 3?
2
What is 13 (base 5) in base 9?
8
What is -100200 (base 3) in base 5?
-2021
-2f (base 16) to base 14
-35
What is -2211 (base 3) in base 13?
-5b
Convert 0 (base 2) to base 10.
0
Convert -c0 (base 13) to base 7.
-312
1 (base 8) to base 12
1
Convert 56 (base 7) to base 2.
101001
What is -101 (base 3) in base 16?
-a
What is -4 (base 6) in base 15?
-4
What is 10 (base 9) in base 7?
12
Convert -63 (base 14) to base 2.
-1010111
7 (base 12) to base 8
7
44 (base 14) to base 9
66
Convert -4 (base 10) to base 7.
-4
-138 (base 13) to base 4
-3120
Convert -2 (base 7) to base 4.
-2
10 (base 6) to base 9
6
-1a (base 16) to base 9
-28
What is -13 (base 7) in base 16?
-a
23 (base 11) to base 6
41
What is 1 (base 7) in base 10?
1
440 (base 7) to base 13
143
Convert -101 (base 2) to base 16.
-5
Convert 3 (base 10) to base 16.
3
Convert -12 (base 13) to base 4.
-33
What is -92 (base 10) in base 4?
-1130
Convert 10 (base 5) to base 6.
5
Convert -12 (base 8) to base 13.
-a
1 (base 13) to base 12
1
Convert 12 (base 9) to base 3.
102
-3 (base 4) to base 9
-3
31 (base 8) to base 11
23
-121 (base 5) to base 11
-33
What is e2 (base 16) in base 9?
271
What is 57 (base 8) in base 3?
1202
Conve